-q - j. What is the tens digit of q?
1
What is the hundreds digit of (-66116)/(-64) - 27/432?
0
Let j be (4/(-10))/((-1)/10). Let i = -52 + 68. What is the tens digit of -34*(-4)/(i/j)?
3
Let o(r) = r**2 - r + 6. Let t be o(-3). Suppose -x + 20 - t = 0. Suppose 4*f = x*f + 12. What is the units digit of f?
6
Let k = 6 - 8. Let y be (1 + 3)*(-1)/k. Suppose -5*r + 3*r + 16 = z, 5*r + y*z - 42 = 0. What is the units digit of r?
0
Let p(h) = -47*h - 1. Let o = 4 - 8. Let j = o - -3. What is the tens digit of p(j)?
4
Let r(w) = -2*w - 5. Let z be r(0). Let t = z - -4. What is the units digit of (-8 - (0 + t))*-1?
7
Suppose 3*d + w = -10664, 7*w = 4*d + 4*w + 14223. What is the units digit of (d/(-21))/1 + (-6)/21?
9
Suppose -3860 = -13*b - 415. What is the hundreds digit of b?
2
Suppose -4676 = -18*s + 11*s. What is the hundreds digit of s?
6
Suppose -2*i = i + 9, -5*i - 14715 = -5*x. What is the units digit of x?
0
Let g = 6765 + -1822. What is the hundreds digit of g?
9
Suppose -361*c + 355*c = -3924. What is the units digit of c?
4
Let i = 46 - 46. Suppose -7*r + 12*r - 365 = i. What is the units digit of r?
3
Let c(u) be the first derivative of -u**3/3 + 17*u**2/2 - 25*u - 1. What is the tens digit of c(11)?
4
Suppose -18 = 2*f + 4. Suppose -14 = -o + 14. Let i = f + o. What is the tens digit of i?
1
Let i(v) = -v**3 - 2*v**2 - 3*v - 1. Let h be i(-2). Suppose h*j + 10 = 80. What is the tens digit of j?
1
Let c(d) = d**3 - d**2 + d + 100. What is the hundreds digit of c(0)?
1
Suppose 4*r + r - 85 = 5*l, -77 = 5*l - r. Let v = -21 - l. Let d(h) = -h**3 - 6*h**2 - 3*h + 3. What is the units digit of d(v)?
1
Let b = 14 - 5. Suppose 2*x + 0*x - 1 = 5*v, 2*x + 3*v - b = 0. Suppose x*q - 7 = 2*q. What is the units digit of q?
7
Let d(a) = 4*a**2 + 6*a - 28. Let z be 9 + 0/3 - (-33)/(-11). What is the units digit of d(z)?
2
Let u(k) = -7*k**3 - 2*k**2 + 2*k - 1. Let x be u(1). Let b be (3/3)/((-1)/x). What is the tens digit of 745/20 + 6/b?
3
Suppose -34 + 118 = -4*w. Let p be 2/(2 - w/(-9)). What is the tens digit of 96*((-15)/p)/5?
4
Suppose 2*l - 4 = -2*l. What is the units digit of (-68)/(-17) + l + 1?
6
Let h(q) = 4 - 216*q + 2*q**2 + 220*q - q**2. What is the hundreds digit of h(-16)?
1
Suppose -3*r + r = -8. Let d(w) = w**3 + 7*w**2 + 1. Let a be d(-6). Suppose -2*k + 54 = 2*f, r*f - 139 + a = 2*k. What is the tens digit of f?
2
Suppose 0 = 3*g - 4*s - 2278, 4*g + 2*s = 1302 + 1772. What is the hundreds digit of g?
7
Suppose -5*g = -4*s - 2161, 0*s = 5*g + 4*s - 2169. What is the hundreds digit of g?
4
Suppose 2*f - w = -45 - 20, -4*f - 2*w - 110 = 0. Let o = 37 + f. What is the units digit of o?
7
Suppose 2*w + f - 2541 = 0, 5*w + 2*f - 5114 = 1241. What is the units digit of w?
3
Let j = -838 + 1554. What is the hundreds digit of j?
7
Suppose g = -4*g - 2*b + 31, -3*g + 5*b = 0. What is the units digit of (-4)/g - (-4196)/20?
9
Let z = -17 - -8. Let x be (6/z)/(2/3). Let u(r) = -23*r**3 - r**2 - 2*r - 1. What is the tens digit of u(x)?
2
Suppose 0 = -2*l + w + 888, 11 = -3*w + 5. What is the units digit of l?
3
Suppose -1390 - 1670 = -6*u. What is the units digit of u?
0
Let q(c) = -86*c**3 + 2*c**2 + c. Suppose a = 2*s + 1, -4*a - 10 = 4*s - 2. Let h be q(s). Let g = 138 - h. What is the tens digit of g?
5
Let x = 105 + 472. What is the tens digit of x?
7
Suppose 3*m - 960 = -2*v + 7*m, -3*v + 4*m = -1442. Let g = v + -324. What is the tens digit of g?
5
Let p = 224 - 218. Let d = 11 + 40. Suppose t - k - 9 = 0, -3*t = -p*t - 3*k + d. What is the tens digit of t?
1
Suppose 131*t - 125*t = 9516. What is the thousands digit of t?
1
Let d(a) = -a**3 - 24*a**2 - 19*a - 18. Let t be d(-23). Let o = 35 - t. What is the tens digit of o?
4
Let d = 18 + -3. Suppose -18*l + 204 = -d*l. What is the tens digit of l?
6
Suppose 3*t = 4*a - 22, -t - a = -3*t - 8. Let r be -3*3/6*t. Suppose w = 2*y - 39, 0 = -5*y + r*w - w + 96. What is the units digit of y?
8
What is the tens digit of (0 - 104/24)*-15?
6
Let y(z) = z**3 + 11*z**2 + 7*z - 22. Suppose 2*d = -3 - 11. What is the units digit of y(d)?
5
Let j be (1/2)/(4/1048). Let s = j + -77. What is the tens digit of s?
5
Suppose 6*u - 6310 = -4*u. Suppose 575 = 9*t - u. What is the tens digit of t?
3
Let t(c) = -36*c**3 - c**2. Suppose 0 = -5*g + g + 4. Let y be t(g). Let b = -25 - y. What is the tens digit of b?
1
Suppose -22*g = -25*g + 237. What is the tens digit of g?
7
Let w be (-16)/(-4) + -5 - 0. Let s = 22 - w. What is the tens digit of s?
2
Suppose -3*g - q + 29 = 0, -4*q = -0*g - g + 27. Let m(v) = -v**3 + 10*v**2 + 13*v + 10. What is the tens digit of m(g)?
3
Suppose 6*g - 3*g = 2*r - 101, r - 5*g = 40. Suppose 0 = 2*p + 3*p - r. Suppose 22 = q - p. What is the units digit of q?
3
Suppose 18 = -n + 7*n. Suppose 4*f = -2*r + 72, 5*f - n*r - 90 = 2*r. What is the units digit of f?
8
Let k be 3 - 4*11 - -3. Let w = k - -61. Let h = 2 + w. What is the tens digit of h?
2
Let z = 77 + -54. Let c = z - -26. What is the units digit of c?
9
Suppose 4*c - f - 4*f + 375 = 0, 5*f = c + 90. Let n = c - -127. What is the tens digit of n?
3
Let w(v) = 2*v**2 + 6*v + 15. What is the units digit of w(-6)?
1
Let b = 7 + 0. Let d(r) = r**2 + 21*r + 120. Let p be d(-10). Let y = b + p. What is the tens digit of y?
1
Suppose -2*r - 1 = -r. Let l be 5 - (r + 3 + -1). Suppose -100 - 12 = -l*u. What is the tens digit of u?
2
Let k(f) = -5*f - 27*f**2 - 2 + 52*f**2 - 26*f**2. Let t(x) = x**2 + 5*x + 3. Let j(i) = -4*k(i) - 3*t(i). What is the units digit of j(-6)?
5
Suppose 0*p = -5*p + 125. Let b = 54 - p. Let i = b - 11. What is the tens digit of i?
1
Let b(t) = 166*t + 438. What is the hundreds digit of b(9)?
9
Let v(u) = -u**3 - 18*u**2 - 7*u - 20. Let j be v(-17). What is the units digit of ((-684)/j)/(31/30 - 1)?
8
Suppose 4*w = a + w - 894, a - 914 = -2*w. What is the units digit of a?
6
Let r(p) = 3*p**2 + 50*p - 46. What is the hundreds digit of r(-27)?
7
Let k(s) = 5*s**3 + 2*s**2 - 2*s + 1. Suppose -4*u + 2*j + 0 = 6, 2*j = -2*u + 12. What is the units digit of k(u)?
6
What is the tens digit of (16/48)/((-1)/(-879))?
9
Suppose -2*q + 229 - 591 = -h, q - 356 = -h. What is the hundreds digit of h?
3
Let j(z) = -z**2 - 5*z - 8. Let c be j(-6). Let a = 1 - c. Suppose -x - 4*x = -3*p - a, 5*p - 49 = -4*x. What is the units digit of x?
6
Let w(c) = -2 + 16*c**3 + 7*c**3 + 9*c**3 + c. What is the units digit of w(1)?
1
Let o(v) = -v**3 + 11*v**2 + v - 8. Let p be o(11). Suppose -317 = -p*x + 4*g, -4*x - g + 4*g + 418 = 0. What is the tens digit of (-15)/25 + x/5?
2
Suppose 0 = i + b - 194, 0 = 2*i - 6*i - 2*b + 778. Let p = i - 164. What is the tens digit of p?
3
Let w be ((-8)/10)/((-10)/(-75)). Let m(o) = -o - 5. Let f be m(w). What is the units digit of -4 + 4 - f - -33?
2
Let r(o) = o**3 + 12*o**2 - 13*o + 5. Let b be r(-13). Suppose 2*x = b*j - 469, 4*x = j - 4*j + 271. What is the tens digit of j?
9
Let i(y) = -y**2 + 3*y - 1. Let w be i(3). Let a be (11 - 11)/(w/(-1)). Let r(n) = -n**2 + n + 14. What is the units digit of r(a)?
4
Suppose -3*y - t = -98, 4*t = 5*y + t - 168. Let l be (-10)/(-3) + (-2)/(-3). Suppose y = 5*f + l*i, 3*f - i + 17 = 6*f. What is the units digit of f?
5
Let b = -9 - -14. Suppose 3*d + 7 = 4*h - 10, 0 = -2*h - b*d + 15. What is the tens digit of h/(3 + (-14)/5)?
2
Let p(i) = -68*i - 35. What is the tens digit of p(-5)?
0
Suppose -4*c = -5*a - 49, -2*c = -5*a - c - 61. Let g = a + 9. Let q(o) = o**2 + o - 5. What is the units digit of q(g)?
7
Suppose -4*z = d - 6023, 2*z = -4*d + 3939 - 931. What is the units digit of z?
6
Let q(h) = -h**2 + 11*h - 11. Let y = -36 - -23. Let t be 2/y + (-212)/(-26). What is the units digit of q(t)?
3
Let b = 28 + -14. What is the tens digit of 81 - b - (-6)/2?
7
Let j = 22 + 10. Let t = j - -8. What is the units digit of t?
0
Suppose i - j - 27 = 2*j, -2*i + j + 34 = 0. Suppose 0 = -9*a + i*a - 384. What is the units digit of a?
4
Let z be 0 - -1 - (4 - 5)*1. Suppose 2*y = 4*u + 196, -z*y - u + 196 = -6*u. What is the tens digit of y?
9
Let o(p) = p**3 - 14*p**2 - 15*p + 12. Suppose 19 = 3*n - 26. What is the tens digit of o(n)?
1
Let v be 27/(-9) + 0/(-1). Let z be (v/(-3) - 0) + 1. What is the units digit of (9 - 23)/((-4)/z)?
7
Let l(q) = -q**3